{"id":543,"date":"2017-12-06T14:04:17","date_gmt":"2017-12-06T13:04:17","guid":{"rendered":"http:\/\/www.concepto.consulting\/?page_id=543"},"modified":"2021-10-04T11:08:47","modified_gmt":"2021-10-04T09:08:47","slug":"reseaux-telecoms-fibre","status":"publish","type":"page","link":"https:\/\/www.concepto.consulting\/index.php\/reseaux-telecoms-fibre\/?lang=fr","title":{"rendered":"R\u00e9seaux t\u00e9l\u00e9coms, Fibre"},"content":{"rendered":"<p><img loading=\"lazy\" decoding=\"async\" class=\"alignright size-medium wp-image-616\" src=\"http:\/\/www.concepto.consulting\/wp-content\/uploads\/2018\/10\/photo_113325_20170922-300x188.jpg\" alt=\"\" width=\"300\" height=\"188\" srcset=\"https:\/\/www.concepto.consulting\/wp-content\/uploads\/2018\/10\/photo_113325_20170922-300x188.jpg 300w, https:\/\/www.concepto.consulting\/wp-content\/uploads\/2018\/10\/photo_113325_20170922-768x482.jpg 768w, https:\/\/www.concepto.consulting\/wp-content\/uploads\/2018\/10\/photo_113325_20170922.jpg 970w\" sizes=\"(max-width: 300px) 100vw, 300px\" \/>&#8211; D\u00e9ploiement de la Fibre Optique:<\/p>\n<p>Etudes de faisabilit\u00e9 pour la pose de r\u00e9seaux t\u00e9l\u00e9com \/ fibre.<\/p>\n<ul>\n<li>Points de raccordement<\/li>\n<li>M\u00e9thodologies de franchissement d&rsquo;obstacle (Forage dirig\u00e9, fus\u00e9e, tubages,&#8230; )<\/li>\n<\/ul>\n<p>Le d\u00e9ploiement de la fibre optique n\u00e9cessite reflexion pr\u00e9alable sur les m\u00e9thodes de connexion et de travers\u00e9es. Optimisation des couts et des d\u00e9lais, dans un secteur en pleine acc\u00e9l\u00e9ration.<\/p>","protected":false},"excerpt":{"rendered":"<p>&#8211; D\u00e9ploiement de la Fibre Optique: Etudes de faisabilit\u00e9 pour la pose de r\u00e9seaux t\u00e9l\u00e9com \/ fibre. Points de raccordement M\u00e9thodologies de franchissement d&rsquo;obstacle (Forage dirig\u00e9, fus\u00e9e, tubages,&#8230; ) Le d\u00e9ploiement de la fibre optique n\u00e9cessite reflexion pr\u00e9alable sur les m\u00e9thodes de connexion et de travers\u00e9es. Optimisation des couts et des d\u00e9lais, dans un secteur [&hellip;]<\/p>\n","protected":false},"author":1,"featured_media":0,"parent":0,"menu_order":0,"comment_status":"closed","ping_status":"closed","template":"","meta":{"_exactmetrics_skip_tracking":false,"_exactmetrics_sitenote_active":false,"_exactmetrics_sitenote_note":"","_exactmetrics_sitenote_category":0,"_monsterinsights_skip_tracking":false,"_monsterinsights_sitenote_active":false,"_monsterinsights_sitenote_note":"","_monsterinsights_sitenote_category":0,"footnotes":""},"_links":{"self":[{"href":"https:\/\/www.concepto.consulting\/index.php\/wp-json\/wp\/v2\/pages\/543"}],"collection":[{"href":"https:\/\/www.concepto.consulting\/index.php\/wp-json\/wp\/v2\/pages"}],"about":[{"href":"https:\/\/www.concepto.consulting\/index.php\/wp-json\/wp\/v2\/types\/page"}],"author":[{"embeddable":true,"href":"https:\/\/www.concepto.consulting\/index.php\/wp-json\/wp\/v2\/users\/1"}],"replies":[{"embeddable":true,"href":"https:\/\/www.concepto.consulting\/index.php\/wp-json\/wp\/v2\/comments?post=543"}],"version-history":[{"count":2,"href":"https:\/\/www.concepto.consulting\/index.php\/wp-json\/wp\/v2\/pages\/543\/revisions"}],"predecessor-version":[{"id":620,"href":"https:\/\/www.concepto.consulting\/index.php\/wp-json\/wp\/v2\/pages\/543\/revisions\/620"}],"wp:attachment":[{"href":"https:\/\/www.concepto.consulting\/index.php\/wp-json\/wp\/v2\/media?parent=543"}],"curies":[{"name":"wp","href":"https:\/\/api.w.org\/{rel}","templated":true}]}}