{"id":541,"date":"2017-12-06T15:04:15","date_gmt":"2017-12-06T13:04:15","guid":{"rendered":"http:\/\/www.concepto.consulting\/?page_id=541"},"modified":"2021-11-30T12:08:14","modified_gmt":"2021-11-30T10:08:14","slug":"reseaux-electriques","status":"publish","type":"page","link":"https:\/\/www.concepto.consulting\/index.php\/reseaux-electriques\/?lang=fr","title":{"rendered":"R\u00e9seaux Electriques"},"content":{"rendered":"<p><strong>R\u00e9seaux Electriques:<\/strong><\/p>\n<p><strong>Les lignes de transport d&rsquo;\u00e9lectricit\u00e9 Aero-souterraines font face \u00e0 de nombreux d\u00e9fis technologiques.<\/strong><\/p>\n<p><strong>Concept&rsquo;o participe activement aux Etudes et Projets de Passages sous Ouvrage ( PSO ) pour RTE<\/strong><\/p>\n<p>&nbsp;<\/p>\n<p>&nbsp;<\/p>\n<div id=\"metaslider-id-848\" style=\"width: 100%; margin: 0 auto;\" class=\"ml-slider-3-104-0 metaslider metaslider-flex metaslider-848 ml-slider has-dots-nav has-carousel-mode ms-theme-default\" role=\"region\" aria-label=\"Projet Raccordement du Parc Eolien en mer de Saint-Nazaire; forages dirig\u00e9s\" data-height=\"300\" data-width=\"700\">\n    <div id=\"metaslider_container_848\">\n        <div id=\"metaslider_848\">\n            <ul class='slides'>\n                <li style=\"display: none; width: 100%;\" class=\"slide-850 ms-image \" aria-roledescription=\"slide\" data-date=\"2021-11-29 16:37:36\" data-filename=\"forage-la-taillee-700x300.jpg\" data-slide-type=\"image\"><img loading=\"lazy\" decoding=\"async\" src=\"https:\/\/www.concepto.consulting\/wp-content\/uploads\/2021\/11\/forage-la-taillee-700x300.jpg\" height=\"300\" width=\"700\" alt=\"\" class=\"slider-848 slide-850 msDefaultImage\" title=\"concepto-insertion\" \/><div class=\"caption-wrap\"><div class=\"caption\">insertion Canalisation DN500 mm - sur 1200 m l<\/div><\/div><\/li>\n                <li style=\"display: none; width: 100%;\" class=\"slide-855 ms-image \" aria-roledescription=\"slide\" data-date=\"2021-11-29 16:37:36\" data-filename=\"GPS-inactif_IMG-20191010-WA0015-640x274.jpg\" data-slide-type=\"image\"><img loading=\"lazy\" decoding=\"async\" src=\"https:\/\/www.concepto.consulting\/wp-content\/uploads\/2021\/11\/GPS-inactif_IMG-20191010-WA0015-640x274.jpg\" height=\"300\" width=\"700\" alt=\"marais Breton de Saint-Nazaire\" class=\"slider-848 slide-855 msDefaultImage\" title=\"marais Breton de Saint-Nazaire\" \/><div class=\"caption-wrap\"><div class=\"caption\">marais Breton de Saint-Nazaire<\/div><\/div><\/li>\n                <li style=\"display: none; width: 100%;\" class=\"slide-853 ms-image \" aria-roledescription=\"slide\" data-date=\"2021-11-29 16:37:36\" data-filename=\"20191112_083124-640x274.jpg\" data-slide-type=\"image\"><img loading=\"lazy\" decoding=\"async\" src=\"https:\/\/www.concepto.consulting\/wp-content\/uploads\/2021\/11\/20191112_083124-640x274.jpg\" height=\"300\" width=\"700\" alt=\"travers\u00e9e de Marais\" class=\"slider-848 slide-853 msDefaultImage\" title=\"20191112_083124\" \/><div class=\"caption-wrap\"><div class=\"caption\">cat\u00e9naire mise en oeuvre pour l'insertion du tube Acier <\/div><\/div><\/li>\n                <li style=\"display: none; width: 100%;\" class=\"slide-854 ms-image \" aria-roledescription=\"slide\" data-date=\"2021-11-29 16:37:36\" data-filename=\"20191015_162842-640x274.jpg\" data-slide-type=\"image\"><img loading=\"lazy\" decoding=\"async\" src=\"https:\/\/www.concepto.consulting\/wp-content\/uploads\/2021\/11\/20191015_162842-640x274.jpg\" height=\"300\" width=\"700\" alt=\"foreuse\" class=\"slider-848 slide-854 msDefaultImage\" title=\"20191015_162842\" \/><div class=\"caption-wrap\"><div class=\"caption\">foreuse<\/div><\/div><\/li>\n                <li style=\"display: none; width: 100%;\" class=\"slide-851 ms-image \" aria-roledescription=\"slide\" data-date=\"2021-11-29 16:37:36\" data-filename=\"IMG-20200813-WA0004-640x274.jpg\" data-slide-type=\"image\"><img loading=\"lazy\" decoding=\"async\" src=\"https:\/\/www.concepto.consulting\/wp-content\/uploads\/2021\/11\/IMG-20200813-WA0004-640x274.jpg\" height=\"300\" width=\"700\" alt=\"insertion fagot de fourreaux\" class=\"slider-848 slide-851 msDefaultImage\" title=\"concepto- tirage\" \/><div class=\"caption-wrap\"><div class=\"caption\">fin de tirage - 1200 ml DN 500 mm  acier <\/div><\/div><\/li>\n                <li style=\"display: none; width: 100%;\" class=\"slide-849 ms-image \" aria-roledescription=\"slide\" data-date=\"2021-11-29 16:37:36\" data-filename=\"20200130_134107-700x300.jpg\" data-slide-type=\"image\"><img loading=\"lazy\" decoding=\"async\" src=\"https:\/\/www.concepto.consulting\/wp-content\/uploads\/2021\/11\/20200130_134107-700x300.jpg\" height=\"300\" width=\"700\" alt=\"\" class=\"slider-848 slide-849 msDefaultImage\" title=\"concepto_hdd\" \/><div class=\"caption-wrap\"><div class=\"caption\">forage dirig\u00e9 - manipulation des barres de forage sans danger<\/div><\/div><\/li>\n            <\/ul>\n        <\/div>\n        \n    <\/div>\n<\/div>\n<p><strong>PROGRAMME PARC EOLIENS OFFSHORE : Raccordement du premier Parc Eolien Off-shore en France (SAINT-NAZAIRE)<\/strong><\/p>\n<p>de 2019 \u00e0 2020: Concept&rsquo;O a \u00e9tudi\u00e9, puis suivi la r\u00e9alisation ( AMOA) des 12 doubles forages dirig\u00e9s de la partie terrestre du raccordement du Parc Eolien en mer de Saint Nazaire, ( Premier Parc Eolien Francais a etre r\u00e9alis\u00e9)<\/p>\n<ul>\n<li>12 forages ( 130 ml \u00e0 370 ml) dans les argiles et gneiss pour le raccordement du Parc Eolien Off shore de Saint Nazaire<\/li>\n<\/ul>\n<p>&nbsp;<\/p>\n<div id=\"metaslider-id-859\" style=\"width: 100%; margin: 0 auto;\" class=\"ml-slider-3-104-0 metaslider metaslider-flex metaslider-859 ml-slider has-dots-nav has-carousel-mode ms-theme-default\" role=\"region\" aria-label=\"Projet Raccordement Fleac- Villegats\" data-height=\"300\" data-width=\"700\">\n    <div id=\"metaslider_container_859\">\n        <div id=\"metaslider_859\">\n            <ul class='slides'>\n                <li style=\"display: none; width: 100%;\" class=\"slide-860 ms-image \" aria-roledescription=\"slide\" data-date=\"2021-11-29 16:56:42\" data-filename=\"photos-2019-09-11-427x183.jpg\" data-slide-type=\"image\"><img loading=\"lazy\" decoding=\"async\" src=\"https:\/\/www.concepto.consulting\/wp-content\/uploads\/2021\/11\/photos-2019-09-11-427x183.jpg\" height=\"300\" width=\"700\" alt=\"Travers\u00e9e sous Charente\" class=\"slider-859 slide-860 msDefaultImage\" title=\"concepto_hdd\" \/><div class=\"caption-wrap\"><div class=\"caption\">Travers\u00e9e sous Charente<\/div><\/div><\/li>\n                <li style=\"display: none; width: 100%;\" class=\"slide-874 ms-image \" aria-roledescription=\"slide\" data-date=\"2021-11-29 17:50:25\" data-filename=\"photos-2019-05-21-427x183.jpg\" data-slide-type=\"image\"><img loading=\"lazy\" decoding=\"async\" src=\"https:\/\/www.concepto.consulting\/wp-content\/uploads\/2021\/11\/photos-2019-05-21-427x183.jpg\" height=\"300\" width=\"700\" alt=\"Travers\u00e9e sous Charente - etudes\" class=\"slider-859 slide-874 msDefaultImage\" title=\"Travers\u00e9e sous Charente - etudes\" \/><div class=\"caption-wrap\"><div class=\"caption\">Travers\u00e9e sous Charente - etudes<\/div><\/div><\/li>\n                <li style=\"display: none; width: 100%;\" class=\"slide-876 ms-image \" aria-roledescription=\"slide\" data-date=\"2021-11-29 17:51:17\" data-filename=\"20190911_120030-640x274.jpg\" data-slide-type=\"image\"><img loading=\"lazy\" decoding=\"async\" src=\"https:\/\/www.concepto.consulting\/wp-content\/uploads\/2021\/11\/20190911_120030-640x274.jpg\" height=\"300\" width=\"700\" alt=\"\" class=\"slider-859 slide-876 msDefaultImage\" title=\"Foreuse - suivi travaux\" \/><div class=\"caption-wrap\"><div class=\"caption\">Foreuse - suivi travaux<\/div><\/div><\/li>\n            <\/ul>\n        <\/div>\n        \n    <\/div>\n<\/div>\n<p><strong>PROGRAMME S3REnR : Raccordement FLEAC &#8211; VILLEGATS (90kV)<\/strong><\/p>\n<p>de 2019 \u00e0 2020: Concept&rsquo;O a \u00e9tudi\u00e9 puis assur\u00e9 le suivi technique ( AMOA) des 2 forages dirig\u00e9s de la ligne Fleac-Villegats<\/p>\n<ul>\n<li>2 forages ( 750 ml et 550 ml) dans les calcaires massifs pour deux travers\u00e9es de la Charente ( Vindelle et Lux\u00e9)<\/li>\n<\/ul>\n<p>&nbsp;<\/p>\n","protected":false},"excerpt":{"rendered":"<p>R\u00e9seaux Electriques: Les lignes de transport d&rsquo;\u00e9lectricit\u00e9 Aero-souterraines font face \u00e0 de nombreux d\u00e9fis technologiques. Concept&rsquo;o participe activement aux Etudes et Projets de Passages sous Ouvrage ( PSO ) pour RTE &nbsp; &nbsp; PROGRAMME PARC EOLIENS OFFSHORE : Raccordement du premier Parc Eolien Off-shore en France (SAINT-NAZAIRE) de 2019 \u00e0 2020: Concept&rsquo;O a \u00e9tudi\u00e9, puis [&hellip;]<\/p>\n","protected":false},"author":1,"featured_media":0,"parent":0,"menu_order":0,"comment_status":"closed","ping_status":"closed","template":"","meta":{"_exactmetrics_skip_tracking":false,"_exactmetrics_sitenote_active":false,"_exactmetrics_sitenote_note":"","_exactmetrics_sitenote_category":0,"_monsterinsights_skip_tracking":false,"_monsterinsights_sitenote_active":false,"_monsterinsights_sitenote_note":"","_monsterinsights_sitenote_category":0,"footnotes":""},"_links":{"self":[{"href":"https:\/\/www.concepto.consulting\/index.php\/wp-json\/wp\/v2\/pages\/541"}],"collection":[{"href":"https:\/\/www.concepto.consulting\/index.php\/wp-json\/wp\/v2\/pages"}],"about":[{"href":"https:\/\/www.concepto.consulting\/index.php\/wp-json\/wp\/v2\/types\/page"}],"author":[{"embeddable":true,"href":"https:\/\/www.concepto.consulting\/index.php\/wp-json\/wp\/v2\/users\/1"}],"replies":[{"embeddable":true,"href":"https:\/\/www.concepto.consulting\/index.php\/wp-json\/wp\/v2\/comments?post=541"}],"version-history":[{"count":11,"href":"https:\/\/www.concepto.consulting\/index.php\/wp-json\/wp\/v2\/pages\/541\/revisions"}],"predecessor-version":[{"id":867,"href":"https:\/\/www.concepto.consulting\/index.php\/wp-json\/wp\/v2\/pages\/541\/revisions\/867"}],"wp:attachment":[{"href":"https:\/\/www.concepto.consulting\/index.php\/wp-json\/wp\/v2\/media?parent=541"}],"curies":[{"name":"wp","href":"https:\/\/api.w.org\/{rel}","templated":true}]}}