{"id":513,"date":"2015-11-03T15:53:45","date_gmt":"2015-11-03T14:53:45","guid":{"rendered":"http:\/\/www.concepto.consulting\/?page_id=513"},"modified":"2022-10-18T08:12:30","modified_gmt":"2022-10-18T07:12:30","slug":"partenaires-et-reseaux","status":"publish","type":"page","link":"https:\/\/www.concepto.consulting\/index.php\/partenaires-et-reseaux\/?lang=fr","title":{"rendered":"Partenaires et r\u00e9seaux"},"content":{"rendered":"<p><img loading=\"lazy\" decoding=\"async\" class=\"alignright size-medium wp-image-626\" src=\"http:\/\/www.concepto.consulting\/wp-content\/uploads\/2018\/10\/photo_115859_20180713-300x200.jpg\" alt=\"\" width=\"300\" height=\"200\" srcset=\"https:\/\/www.concepto.consulting\/wp-content\/uploads\/2018\/10\/photo_115859_20180713-300x200.jpg 300w, https:\/\/www.concepto.consulting\/wp-content\/uploads\/2018\/10\/photo_115859_20180713-768x511.jpg 768w, https:\/\/www.concepto.consulting\/wp-content\/uploads\/2018\/10\/photo_115859_20180713.jpg 970w\" sizes=\"(max-width: 300px) 100vw, 300px\" \/>CONCEPT&rsquo;O est pr\u00e9sent et participe aux r\u00e9seaux suivants .<\/p>\n<p>&nbsp;<\/p>\n<p>F\u00e9d\u00e9ration des travaux sans tranch\u00e9es \u00a0( ou \u00a0&#8211; France sans tranch\u00e9es Technologies) : \u00a0Association regroupant Maitres d&rsquo;ouvrages, Maitres d&rsquo;oeuvres, Entreprises, Fournisseurs, et divers acteurs utilisant \u00a0ou d\u00e9veloppant les travaux sans tranch\u00e9es: \u00a0\u00a0<a href=\"http:\/\/www.fstt.org\/\" target=\"_blank\" rel=\"noopener noreferrer\">FSTT<\/a><\/p>\n<p>Novabuild: Ecoconstruction en pays de la Loire. Regroupe les entreprises et donneurs d&rsquo;ordre de la r\u00e9gion ligerienne, \u00a0<a href=\"http:\/\/www.novabuild.fr\/\" target=\"_blank\" rel=\"noopener noreferrer\">Novabuild<\/a><\/p>\n<p>&nbsp;<\/p>\n<p><a href=\"https:\/\/lottiefiles.com\/collections\/websitew\/c6cfb9d9-43f1-4a83-9b76-0b6f913c1977\">https:\/\/lottiefiles.com\/collections\/websitew\/c6cfb9d9-43f1-4a83-9b76-0b6f913c1977<\/a><\/p>","protected":false},"excerpt":{"rendered":"<p>CONCEPT&rsquo;O est pr\u00e9sent et participe aux r\u00e9seaux suivants . &nbsp; F\u00e9d\u00e9ration des travaux sans tranch\u00e9es \u00a0( ou \u00a0&#8211; France sans tranch\u00e9es Technologies) : \u00a0Association regroupant Maitres d&rsquo;ouvrages, Maitres d&rsquo;oeuvres, Entreprises, Fournisseurs, et divers acteurs utilisant \u00a0ou d\u00e9veloppant les travaux sans tranch\u00e9es: \u00a0\u00a0FSTT Novabuild: Ecoconstruction en pays de la Loire. Regroupe les entreprises et donneurs d&rsquo;ordre [&hellip;]<\/p>\n","protected":false},"author":1,"featured_media":0,"parent":0,"menu_order":0,"comment_status":"closed","ping_status":"closed","template":"","meta":{"_exactmetrics_skip_tracking":false,"_exactmetrics_sitenote_active":false,"_exactmetrics_sitenote_note":"","_exactmetrics_sitenote_category":0,"_monsterinsights_skip_tracking":false,"_monsterinsights_sitenote_active":false,"_monsterinsights_sitenote_note":"","_monsterinsights_sitenote_category":0,"footnotes":""},"_links":{"self":[{"href":"https:\/\/www.concepto.consulting\/index.php\/wp-json\/wp\/v2\/pages\/513"}],"collection":[{"href":"https:\/\/www.concepto.consulting\/index.php\/wp-json\/wp\/v2\/pages"}],"about":[{"href":"https:\/\/www.concepto.consulting\/index.php\/wp-json\/wp\/v2\/types\/page"}],"author":[{"embeddable":true,"href":"https:\/\/www.concepto.consulting\/index.php\/wp-json\/wp\/v2\/users\/1"}],"replies":[{"embeddable":true,"href":"https:\/\/www.concepto.consulting\/index.php\/wp-json\/wp\/v2\/comments?post=513"}],"version-history":[{"count":7,"href":"https:\/\/www.concepto.consulting\/index.php\/wp-json\/wp\/v2\/pages\/513\/revisions"}],"predecessor-version":[{"id":1322,"href":"https:\/\/www.concepto.consulting\/index.php\/wp-json\/wp\/v2\/pages\/513\/revisions\/1322"}],"wp:attachment":[{"href":"https:\/\/www.concepto.consulting\/index.php\/wp-json\/wp\/v2\/media?parent=513"}],"curies":[{"name":"wp","href":"https:\/\/api.w.org\/{rel}","templated":true}]}}