{"id":1525,"date":"2023-06-12T15:30:54","date_gmt":"2023-06-12T14:30:54","guid":{"rendered":"http:\/\/www.concepto.consulting\/?page_id=1525"},"modified":"2025-12-22T13:16:36","modified_gmt":"2025-12-22T12:16:36","slug":"1525-2","status":"publish","type":"page","link":"https:\/\/www.concepto.consulting\/index.php\/1525-2\/?lang=fr","title":{"rendered":"Reference travers\u00e9e sous fluviale en Microtunnelier"},"content":{"rendered":"<p>&nbsp;<\/p>\n<p><img loading=\"lazy\" decoding=\"async\" class=\" wp-image-1497\" src=\"http:\/\/www.concepto.consulting\/wp-content\/uploads\/2023\/06\/cropped-cropped-Montage-TRAVLOIRE-CONCEPTO-01-scaled-1.jpg\" alt=\"traversee LOIRE microtunnelier\" width=\"364\" height=\"364\" srcset=\"https:\/\/www.concepto.consulting\/wp-content\/uploads\/2023\/06\/cropped-cropped-Montage-TRAVLOIRE-CONCEPTO-01-scaled-1.jpg 2560w, https:\/\/www.concepto.consulting\/wp-content\/uploads\/2023\/06\/cropped-cropped-Montage-TRAVLOIRE-CONCEPTO-01-scaled-1-300x300.jpg 300w, https:\/\/www.concepto.consulting\/wp-content\/uploads\/2023\/06\/cropped-cropped-Montage-TRAVLOIRE-CONCEPTO-01-scaled-1-1024x1024.jpg 1024w, https:\/\/www.concepto.consulting\/wp-content\/uploads\/2023\/06\/cropped-cropped-Montage-TRAVLOIRE-CONCEPTO-01-scaled-1-150x150.jpg 150w, https:\/\/www.concepto.consulting\/wp-content\/uploads\/2023\/06\/cropped-cropped-Montage-TRAVLOIRE-CONCEPTO-01-scaled-1-768x768.jpg 768w, https:\/\/www.concepto.consulting\/wp-content\/uploads\/2023\/06\/cropped-cropped-Montage-TRAVLOIRE-CONCEPTO-01-scaled-1-1536x1536.jpg 1536w, https:\/\/www.concepto.consulting\/wp-content\/uploads\/2023\/06\/cropped-cropped-Montage-TRAVLOIRE-CONCEPTO-01-scaled-1-2048x2048.jpg 2048w\" sizes=\"(max-width: 364px) 100vw, 364px\" \/><\/p>\n<p>Concept&rsquo;o est ma\u00eetre d&rsquo;oeuvre int\u00e9gr\u00e9 au groupement DENYS\/LMR\/CONCEPT&rsquo;O pour le projet en Conception-R\u00e9alisation de la travers\u00e9e de la Loire pour le compte d&rsquo;Atlantic Eau (Pose d&rsquo;un Feeder Acier DN600mm sur 1200ml).<br \/>\nLa solution retenue est la r\u00e9alisation d&rsquo;un Microtunnelier (AVN1800).<br \/>\nPhasage:<br \/>\n* Etude et Mise au point march\u00e9 (Proc\u00e9dure en Dialogue Comp\u00e9titif) de Juin 2022 \u00e0 D\u00e9cembre 2022<br \/>\n* D\u00e9marrage contrat: Janvier 2023<br \/>\n* R\u00e9alisation du puits d&rsquo;attaque: Mars\/Avril 2023<br \/>\n* Forage de la galerie ( Tube B\u00e9ton diam\u00e8tre int\u00e9rieur 1800 mm) sur 1150 ml: En cours depuis Mai 2023<\/p>","protected":false},"excerpt":{"rendered":"<p>&nbsp; Concept&rsquo;o est ma\u00eetre d&rsquo;oeuvre int\u00e9gr\u00e9 au groupement DENYS\/LMR\/CONCEPT&rsquo;O pour le projet en Conception-R\u00e9alisation de la travers\u00e9e de la Loire pour le compte d&rsquo;Atlantic Eau (Pose d&rsquo;un Feeder Acier DN600mm sur 1200ml). La solution retenue est la r\u00e9alisation d&rsquo;un Microtunnelier (AVN1800). Phasage: * Etude et Mise au point march\u00e9 (Proc\u00e9dure en Dialogue Comp\u00e9titif) de Juin [&hellip;]<\/p>\n","protected":false},"author":1,"featured_media":0,"parent":0,"menu_order":0,"comment_status":"closed","ping_status":"closed","template":"","meta":{"_exactmetrics_skip_tracking":false,"_exactmetrics_sitenote_active":false,"_exactmetrics_sitenote_note":"","_exactmetrics_sitenote_category":0,"_monsterinsights_skip_tracking":false,"_monsterinsights_sitenote_active":false,"_monsterinsights_sitenote_note":"","_monsterinsights_sitenote_category":0,"footnotes":""},"_links":{"self":[{"href":"https:\/\/www.concepto.consulting\/index.php\/wp-json\/wp\/v2\/pages\/1525"}],"collection":[{"href":"https:\/\/www.concepto.consulting\/index.php\/wp-json\/wp\/v2\/pages"}],"about":[{"href":"https:\/\/www.concepto.consulting\/index.php\/wp-json\/wp\/v2\/types\/page"}],"author":[{"embeddable":true,"href":"https:\/\/www.concepto.consulting\/index.php\/wp-json\/wp\/v2\/users\/1"}],"replies":[{"embeddable":true,"href":"https:\/\/www.concepto.consulting\/index.php\/wp-json\/wp\/v2\/comments?post=1525"}],"version-history":[{"count":2,"href":"https:\/\/www.concepto.consulting\/index.php\/wp-json\/wp\/v2\/pages\/1525\/revisions"}],"predecessor-version":[{"id":1585,"href":"https:\/\/www.concepto.consulting\/index.php\/wp-json\/wp\/v2\/pages\/1525\/revisions\/1585"}],"wp:attachment":[{"href":"https:\/\/www.concepto.consulting\/index.php\/wp-json\/wp\/v2\/media?parent=1525"}],"curies":[{"name":"wp","href":"https:\/\/api.w.org\/{rel}","templated":true}]}}